inder when 50669 is divided by 25334.
1
What is the remainder when 978225 is divided by 13043?
0
Calculate the remainder when 3897 is divided by 1283.
48
What is the remainder when 128796 is divided by 34?
4
Calculate the remainder when 143529 is divided by 86.
81
What is the remainder when 1257 is divided by 20?
17
Calculate the remainder when 11306 is divided by 2687.
558
Calculate the remainder when 153736 is divided by 51242.
10
What is the remainder when 4493134 is divided by 1067?
1064
What is the remainder when 14525 is divided by 21?
14
What is the remainder when 127898 is divided by 10?
8
What is the remainder when 19852 is divided by 2782?
378
Calculate the remainder when 11744 is divided by 539.
425
What is the remainder when 4004 is divided by 3981?
23
Calculate the remainder when 31102 is divided by 44.
38
Calculate the remainder when 168543 is divided by 458.
457
What is the remainder when 25810 is divided by 478?
476
Calculate the remainder when 12471 is divided by 162.
159
What is the remainder when 3100 is divided by 144?
76
What is the remainder when 1268 is divided by 181?
1
What is the remainder when 68341 is divided by 35?
21
What is the remainder when 44716 is divided by 344?
340
What is the remainder when 50089 is divided by 12521?
5
What is the remainder when 370 is divided by 44?
18
Calculate the remainder when 2260 is divided by 98.
6
What is the remainder when 25822 is divided by 8603?
13
What is the remainder when 2617 is divided by 166?
127
Calculate the remainder when 51837 is divided by 27.
24
What is the remainder when 2398 is divided by 304?
270
Calculate the remainder when 1494 is divided by 150.
144
What is the remainder when 5667 is divided by 177?
3
Calculate the remainder when 4200 is divided by 701.
695
What is the remainder when 1148 is divided by 80?
28
Calculate the remainder when 68968 is divided by 4926.
4
Calculate the remainder when 6156 is divided by 75.
6
Calculate the remainder when 435886 is divided by 70.
66
Calculate the remainder when 33387 is divided by 490.
67
Calculate the remainder when 1959138 is divided by 967.
963
What is the remainder when 360369 is divided by 111?
63
Calculate the remainder when 6627 is divided by 3086.
455
What is the remainder when 3089 is divided by 98?
51
What is the remainder when 68325 is divided by 560?
5
Calculate the remainder when 3995593 is divided by 45.
43
Calculate the remainder when 6835 is divided by 2276.
7
Calculate the remainder when 1772209 is divided by 11.
10
Calculate the remainder when 73311 is divided by 24426.
33
Calculate the remainder when 8171 is divided by 62.
49
Calculate the remainder when 14356 is divided by 900.
856
What is the remainder when 398284 is divided by 21?
19
What is the remainder when 2103 is divided by 1385?
718
What is the remainder when 176714 is divided by 430?
414
Calculate the remainder when 81806 is divided by 135.
131
What is the remainder when 7917 is divided by 198?
195
Calculate the remainder when 64075 is divided by 43.
5
What is the remainder when 1475 is divided by 423?
206
What is the remainder when 551859 is divided by 18?
15
Calculate the remainder when 21160 is divided by 641.
7
Calculate the remainder when 11679 is divided by 1297.
6
What is the remainder when 339203 is divided by 41?
10
Calculate the remainder when 57807 is divided by 28866.
75
Calculate the remainder when 4827 is divided by 1609.
0
What is the remainder when 6975 is divided by 25?
0
Calculate the remainder when 22134 is divided by 103.
92
Calculate the remainder when 415 is divided by 109.
88
Calculate the remainder when 1162 is divided by 114.
22
What is the remainder when 8439 is divided by 292?
263
Calculate the remainder when 52620 is divided by 5261.
10
What is the remainder when 55432 is divided by 616?
608
What is the remainder when 1588 is divided by 260?
28
Calculate the remainder when 17858 is divided by 8929.
0
What is the remainder when 5961 is divided by 65?
46
What is the remainder when 11131 is divided by 271?
20
Calculate the remainder when 9507 is divided by 399.
330
Calculate the remainder when 2347 is divided by 29.
27
What is the remainder when 9854 is divided by 2452?
46
Calculate the remainder when 1151847 is divided by 21.
18
Calculate the remainder when 107464 is divided by 25.
14
Calculate the remainder when 84042 is divided by 80.
42
Calculate the remainder when 1014633 is divided by 658.
655
Calculate the remainder when 1468 is divided by 27.
10
Calculate the remainder when 31596 is divided by 200.
196
What is the remainder when 2392 is divided by 55?
27
What is the remainder when 7680 is divided by 482?
450
What is the remainder when 6695 is divided by 26?
13
Calculate the remainder when 18003 is divided by 683.
245
Calculate the remainder when 15702 is divided by 327.
6
What is the remainder when 37817 is divided by 18?
17
Calculate the remainder when 628178 is divided by 733.
730
What is the remainder when 65769 is divided by 9?
6
What is the remainder when 7252 is divided by 7208?
44
Calculate the remainder when 879 is divided by 865.
14
What is the remainder when 713 is divided by 605?
108
What is the remainder when 25792 is divided by 7?
4
Calculate the remainder when 9792 is divided by 1781.
887
What is the remainder when 9168 is divided by 704?
16
What is the remainder when 208218 is divided by 12?
6
What is the remainder when 171599 is divided by 260?
259
Calculate the remainder when 138507 is divided by 138505.
2
What is the remainder when 3182 is divided by 294?
242
Calculate the remainder when 2092 is divided by 303.
274
What is the remainder when 1037715 is divided by 9?
6
Calculate the remainder when 1405 is divided by 364.
313
What is the remainder when 1388985 is divided by 81?
78
Calculate the remainder when 34677 is divided by 34.
31
What is the remainder when 627 is divided by 80?
67
What is the remainder when 128794 is divided by 14310?
4
Calculate the remainder when 114372 is divided by 107.
96
Calculate the remainder when 851 is divided by 100.
51
Calculate the remainder when 1284 is divided by 617.
50
Calculate the remainder when 2681543 is divided by 133.
130
What is the remainder when 25619 is divided by 305?
304
Calculate the remainder when 637024 is divided by 78.
76
Calculate the remainder when 84952 is divided by 229.
222
Calculate the remainder when 110894 is divided by 110849.
45
What is the remainder when 43893 is divided by 43864?
29
What is the remainder when 30246 is divided by 207?
24
What is the remainder when 1017 is divided by 300?
117
What is the remainder when 261187 is divided by 668?
667
What is the remainder when 22112 is divided by 7360?
32
What is the remainder when 4531 is divided by 1486?
73
Calculate the remainder when 18698 is divided by 170.
168
What is the remainder when 2274 is divided by 600?
474
Calculate the remainder when 1056605 is divided by 106.
103
Calculate the remainder when 1035982 is divided by 31.
24
Calculate the remainder when 15691 is divided by 182.
39
What is the remainder when 50380 is divided by 10070?
30
What is the remainder when 2649 is divided by 33?
9
Calculate the remainder when 83757 is divided by 1372.
65
What is the remainder when 5818791 is divided by 20?
11
What is the remainder when 1435 is divided by 748?
687
What is the remainder when 6059022 is divided by 7?
4
What is the remainder when 2628945 is divided by 98?
95
What is the remainder when 802 is divided by 111?
25
What is the remainder when 56358 is divided by 732?
726
What is the remainder when 38135 is divided by 454?
453
What is the remainder when 10521 is divided by 8?
1
What is the remainder when 33415 is divided by 19?
13
What is the remainder when 7661 is divided by 90?
11
Calculate the remainder when 11351 is divided by 473.
472
Calculate the remainder when 44516 is divided by 149.
114
Calculate the remainder when 958 is divided by 138.
130
What is the remainder when 3225 is divided by 145?
35
What is the remainder when 97972 is divided by 21?
7
Calculate the remainder when 16244 is divided by 2320.
4
What is the remainder when 1732 is divided by 1597?
135
What is the remainder when 4325 is divided by 150?
125
What is the remainder when 2002985 is divided